4
Let g(p) = 3*p - 36. Let f be g(15). Let i(k) = f*k + 8*k - 12*k + 4 + 0. Let l be i(4). What is the greatest common divisor of 8 and l?
8
Suppose -2*b + 0 = 5*p - 64, 2*p - 5*b = 43. Let w(j) = 25*j + 479. Let f be w(-13). What is the greatest common factor of f and p?
14
Suppose 41*x = 85*x - 1100. Suppose r + 63 = 4*r. Suppose 11 = -2*j + r. Calculate the greatest common factor of j and x.
5
Suppose 3*p + p - 432 = -2*t, -t + 224 = 4*p. Suppose 144 = -13*y + 313. What is the greatest common factor of t and y?
13
Suppose 3*x + 472 = 5*k, 0 = -4*k + 3*x - 5*x + 360. Suppose 2*y - k = -2*a, 3*a + 2*a + 3*y = 236. Calculate the greatest common factor of 7 and a.
7
Let c be ((-4815)/(-214))/(6/4). Calculate the highest common divisor of c and 6915.
15
Let g = -3806 + 10834. What is the greatest common divisor of g and 28?
28
Let b be (-81 + 14)*2*(-14)/4. Calculate the highest common factor of b and 7.
7
Let a = 4601 - 3424. Calculate the greatest common divisor of 22 and a.
11
Let i be 1 + (-4 + 1 - -149). Suppose 387 = 5*w + i. Let f(r) = -5*r + 2. Let g be f(-2). Calculate the greatest common factor of g and w.
12
Let f = -9334 + 10555. Let s = 63 + -30. What is the highest common factor of f and s?
33
Let t(y) = -2*y**2 + 31*y - 32. Let a be t(14). Suppose -14*f + a*f = -164. Calculate the highest common factor of 82 and f.
41
Let u = 4 - -3. Let g(t) be the third derivative of -t**4/24 + t**3/2 - 23*t**2 + 2. Let k be g(-4). Calculate the highest common divisor of k and u.
7
Let d(b) = 4*b**2 + 47*b + 134. Let k be d(-4). Suppose 4*y + 68 = -40. Let s be (-1)/(-1 + y/(-30)). Calculate the greatest common divisor of k and s.
10
Let k = 2 + 0. Suppose -506 + 3044 = 47*z. Suppose 0 = o + 4*m - 36, -3*m + k*m - z = -2*o. What is the highest common factor of o and 12?
4
Let r(g) = g + 42. Let a be r(-24). Suppose -3*u - a*n + 19*n = -489, -156 = -u - 2*n. What is the greatest common factor of 18 and u?
18
Suppose 32*j = -104 - 120. Let o(n) = -n**3 + 3*n**2 + 24*n - 2. Let c be o(j). Calculate the greatest common factor of c and 40.
40
Let g = -50 + 116. Let k be ((-279)/(-2) - 2) + g/(-44). What is the greatest common factor of k and 17?
17
Let w(b) = 4*b. Suppose 4*v = -2*d + 16, -4*d - 3*v + 6 = -6. Suppose d = -3*t + 5*t - 6. Let p be w(t). What is the greatest common divisor of p and 8?
4
Suppose 8*p - 4*p = -8. Let b be p/(-4) - (-1 + 81/(-6)). Suppose -3*n - n = o - 26, 0 = 3*o - 3*n - 3. What is the greatest common factor of b and o?
3
Let z = 93 + -90. Let k(f) = 8*f**2 - 4*f. Let g be k(z). Calculate the greatest common factor of g and 18.
6
Suppose -8*v + 135 + 89 = 0. Let o be (-7)/v + 162/8. Let b be -5 - (-5 - (78 + 2)). What is the greatest common factor of o and b?
20
Let s = -22 - -22. Suppose 5*d - 605 = -s*d. Suppose 5*o - 2*m - 52 = d, 4*o = m + 139. What is the highest common factor of o and 5?
5
Let n(d) = d**2 - 13*d - 28. Let o be n(-2). Suppose -o*y - 15 = -5*s, 0 = -5*s - 5*y + 17 - 2. What is the greatest common divisor of 3 and s?
3
Let b(c) = -135*c + 20. Let r be b(-6). Suppose -r = -7*d + 66. Calculate the greatest common factor of 16 and d.
16
Let u(v) = 375*v + 7130. Let h be u(-19). Let g be 4*(-1 - 3/(-2)). Calculate the greatest common factor of g and h.
1
Let a = -156 - -269. Suppose h + 2*h = -4*s + a, -5*s - 5*h = -135. Let p be (-100353)/(-1254) + 16/(-608). What is the highest common divisor of s and p?
16
Suppose -37118*y + 225 = -37109*y. Let p be 3/(-9) - 3/(-9). Suppose p = 3*m - m + 2*u - 28, 12 = 3*u. What is the greatest common factor of m and y?
5
Let g = 869 - 842. Suppose w = -2*m + 21, w - g = -56*m + 52*m. Suppose 5*d + 21 = x, -6*x + d + 21 = -3*x. What is the greatest common divisor of x and w?
3
Suppose 10*j - 333 = 277. Let n be 2*(-3)/6 + 46. Let k = j - n. Calculate the highest common factor of k and 48.
16
Let h = -206 + 271. Let d(j) = -14*j - 18. Let c be d(-5). Let r = h - c. Calculate the highest common factor of 1 and r.
1
Let u(j) = -123*j + 5120. Let b be u(0). Calculate the greatest common divisor of b and 20.
20
Let w be 20524/(-112)*4*-1. Let k = w + -533. Calculate the greatest common factor of 8 and k.
8
Suppose -3523*n = -3538*n + 1440. What is the highest common factor of n and 1032?
24
Let w(z) = -3*z**3 - 2*z**2 - z + 2. Let i be (-2)/5 - 3/15*13. Let u be w(i). Suppose 8 = -4*p + u. What is the highest common divisor of p and 75?
15
Let w be 5057/221 - -13 - 4/(-34). What is the highest common factor of 208 and w?
4
Let x(y) = y**2 + y**2 + y**3 + 45 - 7*y**2 + 12985*y - 12987*y. Let f be x(0). What is the greatest common divisor of 144 and f?
9
Suppose -3*y + 19468 = 19447. Let w be (-198)/(-14) - (-1)/(-7). What is the greatest common divisor of y and w?
7
Suppose -v + 2*c + 1032 = -2480, -3*v + c + 10531 = 0. What is the greatest common factor of v and 180?
90
Suppose -f = -2*w + 173, 13*f + 191 = 2*w + 18*f. Let y be ((0 - -2)/(-2))/1. Let r be 3 + y - (-14 - -5). Calculate the greatest common factor of w and r.
11
Let r = 3015 - 2155. What is the highest common factor of r and 100?
20
Suppose d = -11*h + 7691, -81*h + 4*d = -79*h - 1436. Calculate the greatest common factor of h and 1316.
28
Let m(q) = -q**2 + 10*q + 4. Let s be m(10). Let g(l) = l**3 + 0*l - 41 + 40 - 4*l + s*l**2. Let o be g(-3). What is the greatest common factor of 4 and o?
4
Let c(w) = 13*w**2 + 53*w + 305. Let s be c(-32). What is the highest common factor of 91 and s?
91
Let q = 25256 + -16247. What is the highest common divisor of q and 182?
91
Suppose -196 = -5*o + i, -4*o + 6*o = -i + 84. Suppose -50*d + 1050 = -o*d. What is the highest common divisor of d and 15?
15
Suppose 642 = -38*q + 1607 + 1923. Calculate the greatest common divisor of q and 1026.
38
Suppose 0 = 2*u + 2*s + 78 - 6022, 2*s - 2974 = -u. Calculate the highest common divisor of 1210 and u.
110
Suppose -8 = -4*f - 16. Let m be 279/45 + f/10. What is the highest common factor of 9 and m?
3
Let o be -3 + 1/(27/(-13) + 2). Let i(x) = 3*x + 58. Let g be i(o). Calculate the greatest common factor of 1 and g.
1
Let i be ((-3)/1 + 2)*(13 + -8). Let w(t) = -19*t + 89. Let b be w(i). Calculate the highest common divisor of b and 8.
8
Suppose 1873 = 2*w + 3*h + 603, -2*w + h + 1294 = 0. Calculate the highest common factor of w and 56.
28
Let d(x) = -12*x + 40 - 17*x - 40 + 12*x**2. Let b be d(5). Calculate the greatest common divisor of b and 62.
31
Suppose 6*z - 5*z - 20 = -r, r = -5*z + 88. Suppose 0 = -m + 16*x - z*x + 55, 15 = 3*x. Calculate the highest common divisor of 125 and m.
25
Suppose 6*r + 5 = r. Let t be 1437/12 - r/4. Let v = -2424 + 2464. What is the highest common divisor of v and t?
40
Suppose -l + 2 = -3*l, -4*u + 647 = 5*l. Let z = 179 - u. Calculate the greatest common divisor of z and 36.
4
Let k = -21780 - -22262. Calculate the highest common divisor of k and 3133.
241
Suppose -535 = -4*f - 167. Suppose -4*u + 42 = -50. Calculate the highest common factor of f and u.
23
Let b(v) = 3*v + 10. Suppose 7*q = 5*d + 2*q - 15, -d - 12 = 2*q. Let o be b(d). Suppose 5*f - 9 = 21. What is the highest common divisor of o and f?
2
Suppose 5*l - 333 = -5*j + 3767, -5*j - 40 = 0. What is the highest common divisor of l and 4876?
92
Suppose 0 = -2*z + 5*k - 0*k + 50, 0 = 4*z - 4*k - 112. Calculate the greatest common factor of 8 and z.
2
Let t be (-380)/(-25) - ((-96)/20 + 4). Suppose 136 = w + t*w. What is the greatest common divisor of w and 104?
8
Let s be (-81392)/(-14) - 6/(-21). Suppose 0 = -7*k + 41*k - s. What is the highest common divisor of k and 19?
19
Let u = -6130 + 7384. Calculate the highest common divisor of 456 and u.
114
Let r = -1244 + 2536. Calculate the highest common factor of r and 57.
19
Let t be ((-3)/((-12)/20))/1 + 219. Let k(h) = -h**2 - 5*h + 8. Let q be k(-6). Suppose q*p - 84 = -4*p. What is the greatest common factor of t and p?
14
Let z(x) = -x - 10. Let d be z(-12). Let f be d/3 - (-28)/3. Let n be -18*1/((-18)/210 + 0). What is the highest common factor of n and f?
10
Suppose 3*d - 68790 = -68328. Suppose -5*a = -4*n - 142 + 450, 0 = -5*a. Calculate the highest common factor of n and d.
77
Let o = 422 - 203. Suppose -5*f + 2*f + 3*r + o = 0, -3*r = f - 93. Let h = f - 72. Calculate